0
What is the value of 4 + 1 + 2 + (-1 - 2)?
4
Calculate -8 + 9 + -10 - -16.
7
What is the value of -1 + (-1 - -5) + -3 + 3?
3
What is (1 - -2 - 3) + -2 + -2?
-4
Evaluate 2 + (-6 - (0 - (-3 + 6))).
-1
Calculate -5 + (-7 - -6) + 6 + 0.
0
Evaluate (-8 - -10 - -1) + 2.
5
What is the value of 4 - (0 - 4 - -4)?
4
Calculate (1 - -1) + 1 + -1.
2
5 - (12 + (-4 + 3 - 0))
-6
What is the value of (6 - 8 - 1) + -11 - -5?
-9
What is the value of (-2 - 3) + 16 + (-13 - 2)?
-4
3 - 2 - (1 - 3)
3
-80 + 83 - (-1 - 4)
8
Evaluate -1 + (1 - 4) - -2.
-2
Calculate 1 - (-19 - -19 - (-1 + -5)).
-5
What is -2 + 2 + 66 + -62?
4
10 + -5 - (3 - (2 - 1))
3
-4 + 2 + -1 + (5 - 6)
-4
-5 - (-5 + 1 - 3)
2
Calculate 10 + 9 + -8 - 12.
-1
Calculate 8 + -4 + -3 + 0 + -1.
0
Calculate 0 + 2 + -1 + (-42 - -42).
1
Evaluate (1 + 2 - 9) + 5 + -2.
-3
Calculate -2 - -8 - 5 - 2.
-1
What is the value of (-11 - ((-3 - -6) + -8)) + 1?
-5
What is 0 - -2 - (-5 + 12)?
-5
Calculate -11 - ((-3 - (2 + 2)) + 1).
-5
What is 6 - ((-2 - -4) + 5 - 1)?
0
Evaluate 7 + 2 + -5 + -6.
-2
1 + -2 + (4 + -12 - -2)
-7
What is 4 - (5 - (4 + 1)) - 1?
3
-6 - (5 + (-6 - -1) - 0)
-6
-6 + (6 - -6) - 1
5
Calculate (3 - (-6 + 1)) + -4.
4
3 + -5 + 6 + -3
1
What is the value of (-175 - -181) + 0 + -6?
0
What is (5 + -1 - 5) + 5 + -2?
2
What is 11 + -2 + -4 + 0?
5
-5 + 2 + 0 + -2
-5
-11 + (5 - (-10 + 10))
-6
Calculate -5 - (7 + -2 + -11).
1
Evaluate 1 - (-1 + 5 + -3 + -4).
4
4 - (6 + -4 - (-4 - 0))
-2
8 + -7 + 3 + -3
1
Evaluate -2 + 9 + -1 + (17 - 23).
0
Evaluate (2 - 0) + (2 - (-1 - -1)).
4
What is the value of -5 - 1 - (2 + 7 + -9)?
-6
(-10 - (-3 + -4)) + 3 + -1
-1
Evaluate -10 - (-14 + 11 + -1).
-6
Evaluate 0 + 4 + -3 + -1.
0
Calculate -4 - (7 - (11 + 4)).
4
What is the value of 3 - 26 - -21 - (-1 + 7)?
-8
Evaluate 11 + (-1 - 7) - -3.
6
-1 - (-5 + 3 + 1) - 0
0
What is the value of (6 - (1 - -3)) + 4 + -3?
3
Calculate 3 + -1 + 0 - 4.
-2
Evaluate -11 + 12 - (-5 - -3) - 5.
-2
-7 - (-10 + 19 - 18)
2
What is -3 + (-1 - -1) + -2 + 1?
-4
What is (-3 - 1) + 1 + 4 + -5?
-4
What is the value of (-4 - (-2 - 3)) + 0?
1
What is 4 + (9 - 10) + -7?
-4
Evaluate 6 - (9 + 3) - (-1 + 0).
-5
Calculate 0 + -7 - -4 - -1.
-2
What is the value of 2 - (3 - 1 - -2)?
-2
What is 1 - (-3 - (-1 - 10))?
-7
Evaluate 1 - -3 - (-14 - (-13 + 2)).
7
Evaluate 1 + (0 - (1 + (-3 - -5))).
-2
Evaluate -6 - -1 - (3 - 4) - 3.
-7
What is the value of 164 + -158 - (0 - 2)?
8
What is 3 + (-3 - -1 - (-2 - 2))?
5
What is 0 - (-5 + 4 + -2)?
3
3 + (-3 - -2 - 5)
-3
What is the value of 45 + -48 - (0 - 12 - 0)?
9
What is the value of -1 + -2 - (-12 + 4) - 3?
2
What is (4 - (0 + (-2 - -4))) + -7?
-5
What is the value of 5 + (-7 - -5) + -6 + 0?
-3
What is the value of 8 - (5 + -4) - -10 - 6?
11
Calculate 1 + -5 + (0 - (1 + -3)).
-2
Calculate (-26 - -30 - (0 - -2)) + 2.
4
What is the value of 3 + -3 - (15 + -10)?
-5
What is the value of 3 + 2 - (4 - 4)?
5
What is 6 - (0 + (4 - -2))?
0
Calculate (-9 - (-17 + 2)) + 1.
7
Calculate -3 + 6 + -4 + 0 + 3.
2
What is the value of -2 + 0 - (-3 - (6 + -7))?
0
Evaluate 8 + -3 + -7 + 3.
1
What is the value of 2 + -9 - (-4 + 0 - -1)?
-4
Evaluate 6 - -2 - (6 - 7 - -2).
7
Calculate 2 + 4 - (12 + -9).
3
Evaluate -7 + (-2 - -7) + 6.
4
What is the value of -13 + 5 + 1 + 6?
-1
Calculate (13 - 4) + -4 - 9.
-4
-3 + 1 + 4 + -5 - -8
5
What is the value of -4 + 0 - (-3 + 4)?
-5
What is -5 - (0 + (5 - 6))?
-4
16 + -24 + 3 - (0 + 0)
-5
Evaluate 5 + (-2 + 6 - 13 - -5).
1
Calculate (0 + 2 - -1) + (-5 - 3).
-5
Calculate -4 - -7 - (9 - 1).
-5
Calculate -1 - (4 + 4 + -5).
-4
What is the value of (5 + -3 - -4) + (-4 - 0)?
2
Evaluate 0 + (5 + 0 - 6).
-1
What is the value of 1 + 1 + 0 + (1 - 2)?
1
What is the value of -5 - (0 + -1 - (-10 + 13))?
-1
1 - (13 - (0 - -11))
-1
(-4 - 7) + (-7 - -7) + 5
-6
3 - (1 - (4 - 10 - -5))
1
Calculate -6 - ((6 - 7) + -7).
2
What is 0 + 6 + (3 - (4 - 0))?
5
What is -17 + 2 + 22 + (1 - 1)?
7
Calculate (-5 - 4 - -20) + -6.
5
What is 17 + -14 + (-3 - (1 + 2))?
-3
Evaluate 7 + -16 + 4 + (-2 - -2).
-5
Evaluate 1 + (3 - (-1 + 5)) + 3.
3
Calculate 7 + 4 + -3 - 13.
-5
What is the value of 2 - ((-7 - (-13 - -7)) + 13)?
-10
Evaluate -3 + 0 + (4 - 0 - 0).
1
Evaluate -2 - -2 - 2 - (-6 + 3).
1
Evaluate (4 - 3) + -6 + 3 - 5.
-7
What is the value of (6 - (-2 + 3)) + 0?
5
Calculate -6 + 4 + -6 - (17 - 17).
-8
What is the value of -3 + (-3 - -7) + 5?
6
4 + -14 - (19 - 33)
4
Evaluate (1 - -3) + (-20 - -17).
1
Evaluate 0 - 4 - (-2 - 2) - -3.
3
Evaluate -17 + 15 + 0 + 3 + -6.
-5
Calculate (6 - (9 - 4)) + -8.
-7
What is -9 - (-5 - (-4 - -3)) - -3?
-2
What is the value of 8 + (1 - 5 - 2 - -1)?
3
Calculate 1 + (-2 - (1 + -7)) + -1.
4
Calculate 7 + -4 + 6 + (1 - 3).
7
Calculate (14 - 17) + 2 + 2 + 0.
1
Evaluate -1 + (-7 - -1) + 11.
4
Evaluate 2 - (0 + (-2 - (4 + -5))).
3
4 - (4 + (-5 - 0))
5
Calculate -2 + (0 - 3) + (-3 - -6).
-2
What is 3 + -1 - 0 - -1 - 3?
0
What is the value of -5 + 6 - (0 - (6 - 5))?
2
What is -4 + (-1 - (-2 + 0 + 2))?
-5
What is (-4 - -8) + 0 + (1 - 3)?
2
Evaluate (5 - 1) + (-7 + 2 - -2).
1
Evaluate 3 + 5 + 1 + -10.
-1
What is (-41 - -37) + (1 - 1)?
-4
What is -6 + (5 - 4 - -6)?
1
-11 - (2 - (11 + 10))
8
Calculate -6 + -3 + 5 + 1 + 7.
4
Evaluate 1 + (4 - ((-4 - -6) + 0)).
3
Evaluate -91 + 93 - (-1 + 9).
-6
5 + -1 - (-7 + (2 - -2))
7
Evaluate 7 - ((-4 - (-4 + 0)) + 4).
3
What is the value of 13 - 17 - (1 + 0)?
-5
Evaluate 11 - (26 - (1 - -12)).
-2
(0 + 0 - (-1 - -6)) + 0
-5
What is the value of 2 - ((-6 - -4) + 0)?
4
What is (-2 - -6 - -8) + -7 + 1?
6
What is -6 - (-10 - (6 + -7))?
3
Evaluate -1 + (-3 - (-4 + 5)).
-5
What is the value of -9 - (-6 - (-2 - (1 + -1)))?
-5
What is 1 - (5 - 0 - -2 - 1)?
-5
Calculate (10 - 2) + -2 + -9.
-3
9 + -5 + -4 + 4
4
4 + (-5 - 2) + 4
1
Evaluate (-27 - -25) + 0 + 2.
0
-3 + -1 + 4 + 1
1
0 - -13 - (22 + -9)
0
What is the value of -2 + (-4 - (-6 + 1))?
-1
What is the value of 12 + -18 + 6 + -4?
-4
-4 + -3 - (18 - 21)
-4
0 - (1 + -3 + 7)
-5
What is -6 + 2 - (3 + 1)?
-8
Calculate 3 - (0 - -1 - (-1 + -1)).
0
What is the value of -6 + -1 + -3 - -5?
-5
Evaluate -5 + (0 - -4) + 0.
-1
Calculate (-13 - -9) + -5 + 4.
-5
What is (2 - (-2 + 6)) + 3?
1
Calculate -15 + 18 + -1 + -2.
0
What is the value of 3 - (8 - (6 - (-1 + 4)))?
-2
(3 - (2 + -1 - -5)) + 6
3
(-1 - -1) + -8 - (-4 + 4)
-8
4 - ((3 - 4) + 2)
3
What is the value of (2 - 6) + 0 + 0?
-4
What is -2 + (-6 - -2 - -12)?
6
What is -2 - ((-3 + 14 - 5) + -3)?
-5
Evaluate 3 + (-4 - -2) - (-1 + -1).
3
Evaluate -3 + (-1 - (-1 + -1)) + 4.
2
What is the value of 4 + 0 - ((0 - 2) + 4)?
2
4 + (-1 - 0) + -2
1
Calculate 6 + -2 - 7 - -5.
2
Calculate -1 + 0 + -78 + 88.
9
Calculate -2 + (5 - 11) + 9.
1
-4 - (-3 - (1 + -2))
-2
Evaluate (2 - 7 - -1) + 30 + -25.
1
What is the value of (-1 - -3) + (1 - 9) + 1?
-5
What is -1 + 0 - (-83 + 74)?
8
What is the value of -2 + (-1 - (10 + -14))?
1
Evaluate -3 + 9 - (11 + -1).
-4
What is (3 - 1) + (-7 - -7) + 0?
2
2 - 0 - (-2 + 6)
-2
Evaluate 5 + -1 - (25 - 25) - 4.
0
8 - ((12 - 1) + -7 + 0)
4
Evaluate 2 + -1 - (0 - (4 - 10)).
-5
What is -2 - -2 - (-2 + 4)?
-2
What is -1 + (3 - 2) - (-3 - -7)?
-4
Evaluate (-3 - -1 - 1) + 1 - -7.
5
(-5 - (-5 - 2)) + -7
-5
Calculate 8 - (-15 + 12 + 15).
-4
What is the value of 2 + 0 + -5 + (45 - 44)?
-2
Calculate (30 - 18) + -6 - (0 - 5).
11
Evaluate -6 + 0 + 2 + (0 - -1).
-3
Evaluate 1 + -5 + 8 + 1.
5
What is -2 - 2 - ((2 - 9) + 4)?
-1
Calculate (5 - 2) + (17 - 21).
-1
4 + (13 - 4) + -14
-1
What is the value of 2 + -8 - (-31 + 11 + 15)?
-1
-10 + 16 + (-5 - 11)
-10
-1 - (0 + 0) - (-3 - -5)
-3
What is the value of -5 + (6 - 2) - 1?
-2
What is -2 + (11 + -4 - (3 - -4))?
-2
Calculate 0 + (-3 - 0) - 0.
-3
Calculate (-4 - -6) + -7 - (3 + -8).
0
2 - (-9 + 7 + 1)
3
What is 3 + (2 + 1 - (-8 - -9))?
5
What is the value of -3 + 7 + -5 - -3?
2
What is the value of 2 + 0 + (-27 - -17)?
-8
0 + -4 + -6 + 5
-5
What is 7 + (14 + -10 - 6)?
5
What is the value of 9 + -11 + (-6 - (6 + -17))?
3
What is 5 - (-5 - -13) - -3?
0
What is (-6 - 2) + (2 - -1)?
-5
(-1 - -1) + (56 - 56)
0
Calculate (2 - (-4 + 2)) + -12 - -2.
-6
What is -4 + 9 + (-7 - -2) + -2?
-2
Evaluate 1 + 0 + 4 + -1.
4
Evaluate 0 - (-1 + -1 + -1) - -3.
6
What is -2 + 3 - (1 + -3 + 1)?
2
What is 3 + (1 - 4) + 5 + -9?
-4
Evaluate 15 + -10 - (1 + (-1 - -2)).